668. What is q(12)?
8
Let z(g) = -20*g**3 - 100*g**2 + 575*g + 2880. Calculate z(-5).
5
Let a(m) = 7*m**2 + 2. Give a(1).
9
Let l(i) = -13*i**2 - 38*i - 6. Determine l(-3).
-9
Let r(d) = d**3 + 140*d**2 - 2*d - 288. What is r(-140)?
-8
Let a(f) = 878*f + 338025. What is a(-385)?
-5
Let a(s) = -13*s + 36. Determine a(9).
-81
Let y(o) = 9*o**2 + 913*o - 506. Determine y(-102).
4
Let f(a) = -a**3 - 19*a**2 - 90*a + 33. What is f(-10)?
33
Let k(s) = -s**3 - 24*s**2 + 39*s + 940. Determine k(-24).
4
Let l(o) = -46*o + 263. Determine l(9).
-151
Let g(b) = 4*b**3 - 138*b**2 - 70*b - 16. What is g(35)?
-16
Let t(s) = -287*s - 1007. Determine t(-5).
428
Let u(c) = -c**3 + 29*c**2 + 14*c + 66. What is u(30)?
-414
Let h(r) = -r**3 + 27*r**2 - 49*r - 22. Determine h(25).
3
Let s(o) = 4*o**3 + 15*o**2 + 22*o + 58. Calculate s(-5).
-177
Let y(n) = -5*n - 211. Give y(-26).
-81
Let d(l) = -7*l**2 - 237*l - 1894. What is d(-21)?
-4
Let l(z) = -1955*z + 1951. Calculate l(1).
-4
Let g(f) = -2*f**2 + 32*f + 395. What is g(-8)?
11
Let z(y) = 5*y**2 + 238*y + 873. What is z(-4)?
1
Let t(v) = -v**3 - 19*v**2 - 47*v + 16. Determine t(-16).
0
Let p(l) = l**3 - 20*l**2 + 17*l - 352. Determine p(20).
-12
Let t(h) = h**3 - 26*h**2 + 16*h - 8. Give t(26).
408
Let m(h) = -92*h**2 - 103*h + 101. What is m(1)?
-94
Let z(w) = -2*w**2 - 208*w - 1527. Determine z(-8).
9
Let d(b) = -129*b + 986. Determine d(8).
-46
Let s(a) = 46*a - 69. Calculate s(2).
23
Let n(t) = t**3 + 9*t**2 - 123*t - 174. Determine n(-16).
2
Let g(h) = -2*h**2 + 634*h - 19760. Determine g(282).
-20
Let l(v) = v**3 - 9*v**2 - 58*v + 546. Give l(9).
24
Let v(y) = -3*y**2 - 22*y - 17. Determine v(-3).
22
Let l(v) = 3*v**2 + 15*v + 55. What is l(-3)?
37
Let z(d) = d**3 + 19*d**2 - 64*d + 23. Calculate z(-22).
-21
Let z(q) = q**3 - 5*q**2 - 15*q + 64. Give z(6).
10
Let c(v) = -11*v**2 + 29*v + 9. Determine c(4).
-51
Let w(b) = 10*b - 697. Give w(76).
63
Let p(j) = -3*j**2 - 72*j - 163. Determine p(-25).
-238
Let v(x) = -6*x**2 - 79*x + 36. Give v(-14).
-34
Let f(o) = -4*o**2 - 229*o - 231. Give f(-1).
-6
Let h(d) = -1251*d + 1202. Give h(1).
-49
Let a(d) = d**3 + 17*d**2 + 20*d - 148. What is a(-15)?
2
Let b(u) = -u**3 + 16*u**2 + 17*u - 6. What is b(17)?
-6
Let n(z) = -z**3 - 9*z**2 + 55*z + 507. Determine n(-7).
24
Let w(b) = -2*b**2 + 270*b - 2965. What is w(12)?
-13
Let k(y) = 2713*y + 16260. Give k(-6).
-18
Let y(d) = 201*d - 601. Calculate y(3).
2
Let y(v) = -37*v + 50. What is y(2)?
-24
Let x(s) = s**3 - 57*s**2 + 350*s + 88. Calculate x(50).
88
Let b(d) = d**3 + 6*d**2 + 13*d + 94. Give b(-6).
16
Let c(k) = 2*k**3 - 261*k**2 + 6499*k - 10. Calculate c(97).
-10
Let n(r) = 103*r + 529. Give n(-5).
14
Let c(g) = -g**3 + 14*g**2 - 29*g - 12. Give c(7).
128
Let r(q) = 466*q + 941. Determine r(-2).
9
Let f(c) = 5*c**2 + 3*c + 5. What is f(-3)?
41
Let f(l) = 8*l**2 - 96*l + 482. Give f(5).
202
Let u(h) = -h**2 + 16*h - 131. What is u(19)?
-188
Let q(c) = 2*c**2 - 103*c - 2860. Calculate q(-20).
0
Let j(o) = -o**2 + 152*o - 1309. What is j(9)?
-22
Let r(x) = -x - 588. What is r(-34)?
-554
Let t(o) = 515*o - 1004. Give t(2).
26
Let q(u) = -18*u + 226. Give q(12).
10
Let l(m) = 11*m**2 - 262*m - 18. What is l(25)?
307
Let h(u) = 15*u**2 + 4*u - 6. Give h(-3).
117
Let r(a) = 7*a**2 + 234*a - 50. What is r(-33)?
-149
Let v(a) = -4*a - 92. Calculate v(-15).
-32
Let m(a) = 3*a**3 - 327*a**2 - 74*a + 8061. Give m(109).
-5
Let w(v) = -v**2 - 61*v + 2159. Give w(-82).
437
Let o(x) = x**3 + 6*x**2 + 11*x + 134. Give o(-7).
8
Let w(p) = -p**3 + 92*p**2 + 480*p - 24. Determine w(-5).
1
Let w(v) = -7*v + 239. Calculate w(29).
36
Let q(x) = 46*x - 350. What is q(7)?
-28
Let f(y) = 42*y + 2344. Calculate f(-56).
-8
Let p(y) = y**3 + 10*y**2 - 27*y - 1. Give p(2).
-7
Let g(q) = 4*q**3 + 57*q**2 + 99*q + 440. What is g(-13)?
-2
Let g(f) = 46*f - 4831. Calculate g(103).
-93
Let b(v) = 4*v**2 - 102*v + 281. What is b(24)?
137
Let t(z) = -9*z**3 - 2*z**2 + 6*z - 13. Calculate t(3).
-256
Let c(o) = -2491*o - 42344. What is c(-17)?
3
Let v(z) = -2*z + 100. Calculate v(44).
12
Let j(u) = 2*u**2 + 8*u + 15. Calculate j(-2).
7
Let p(c) = -2*c**3 + 28*c**2 + 8*c - 454. What is p(13)?
-12
Let d(o) = -11*o**3 + o**2 - 87*o + 87. Give d(1).
-10
Let s(a) = -a**2 - 226*a - 5611. Calculate s(-28).
-67
Let p(i) = 3*i**3 - 42*i**2 - 93*i - 83. Give p(16).
-35
Let a(x) = 166*x + 1507. What is a(-9)?
13
Let r(f) = 5*f**2 - 347*f + 127. Give r(69).
-11
Let w(i) = -3*i**2 + 82*i + 59. Give w(29).
-86
Let c(m) = -2*m**2 + 2*m - 6. What is c(-3)?
-30
Let g(z) = 211*z + 38. What is g(-1)?
-173
Let d(j) = -23*j + 352. Determine d(15).
7
Let m(p) = 162*p**2 - p - 5. Determine m(-2).
645
Let f(w) = w**2 + 13*w + 12. Determine f(12).
312
Let u(w) = -w**3 - 40*w**2 - 205*w - 45. What is u(-34)?
-11
Let k(z) = -10*z**3 - 143*z**2 - 42*z - 5. Calculate k(-14).
-5
Let o(u) = u**3 + 9*u**2 - 271*u - 225. What is o(13)?
-30
Let h(n) = 5*n - 80. Give h(16).
0
Let n(x) = -2545*x + 5092. Determine n(2).
2
Let m(j) = j**3 - 11*j**2 + 12*j - 38. Give m(5).
-128
Let n(s) = s**2 - 12*s - 145. Give n(23).
108
Let s(j) = 18*j**2 - 3096*j - 7. Give s(172).
-7
Let m(b) = -342*b - 4184. Give m(-12).
-80
Let k(q) = 10*q + 149. Calculate k(-15).
-1
Let h(x) = 3*x**3 + 31*x**2 - 85*x - 992. Give h(-10).
-42
Let r(m) = -3*m**3 - 7*m - 13. What is r(0)?
-13
Let t(o) = -o**3 + 3*o**2 + 171*o + 2. Give t(-11).
-185
Let r(y) = y**3 - 12*y**2 - 5*y - 51. Give r(12).
-111
Let v(h) = h**2 + 326*h - 19225. Calculate v(51).
2
Let s(l) = 33*l + 517. What is s(-18)?
-77
Let d(v) = -v**3 - 280*v**2 - 6831*v + 10. What is d(-253)?
10
Let f(a) = a**3 - 25*a**2 + 81*a + 71. Give f(21).
8
Let b(f) = 2*f**2 + 105*f - 67. Calculate b(-53).
-14
Let i(k) = -4*k**2 - 198*k - 102. What is i(-49)?
-4
Let j(p) = -263*p + 14732. Determine j(56).
4
Let c(l) = -6*l**3 + 19*l**2 - 18*l + 138. Calculate c(4).
-14
Let k(z) = 51*z + 844. Determine k(-17).
-23
Let h(f) = f**3 + 6*f**2 - 23*f - 18. Determine h(-9).
-54
Let w(i) = -i**2 - 505*i - 1516. What is w(-3)?
-10
Let o(f) = f**2 - 225*f - 2600. What is o(-11)?
-4
Let r(d) = 113*d + 5809. Determine r(-51).
46
Let u(p) = -38*p + 821. Calculate u(21).
23
Let r(b) = -b**3 + 101*b**2 + 206*b - 5. Give r(103).
-5
Let i(q) = -q**2 - 25*q - 15. What is i(8)?
-279
Let g(i) = -107*i**2 - 14*i + 42. Calculate g(1).
-79
Let f(g) = g**3 + 64*g**2 + 3*g + 143. What is f(-64)?
-49
Let y(o) = -o**2 - 37*o - 206. Give y(-28).
46
Let f(s) = 798*s + 7981. Give f(-10).
1
Let h(p) = -p**3 - 62*p**2 - 434*p - 108. Give h(-54).
0
Let y(w) = -9*w**2 + 13*w - 9. Determine y(7).
-359
Let q(c) = 2*c**2 + 60*c - 101. Determine q(-31).
-39
Let i(j) = -3*j**2 - 100*j + 22. Determine i(-33).
55
Let y(m) = -m**2 - 116*m + 2754. Determine y(-136).
34
Let l(y) = y**2 - 10*y + 23. Give l(10).
23
Let q(k) = -k**2 + 74*k + 414. What is q(-5)?
19
Let s(a) = 9*a**3 - 927*a**2 - 4*a + 417. Give s(103).
5
Let d(m) = -m**2 - m + 498. What is d(21)?
36
Let p(l) = -54*l**2 + 112*l - 12. Determine p(2).
-4
Let r(t) = -t**2 + 103*t + 8086. Give r(155).
26
Let a(w) = w**3 + 5*w**2 + 35*w + 164. Determine a(-6).
-82
Let t(r) = -97*r + 4. What is t(0)?
4
Let o(q) = 7292*q - 29171. Calculate o(4).
-3
Let h(k) = 31*k - 199. What is h(9)?
80
Let b(u) = -11*u**3 - 18*u**2 + 35*u. What is b(2)?
-90
Let q(t) = 1706*t - 1677. Calculate q(1).
29
Let d(v) = -45*v + 3692. Determine d(82).
2
Let y(h) = -6*h**2 - 137*h + 734. Give y(5).
-101
Let x(k) = -4*k**2 - 121*k - 935. What is x(-14)?
-25
Let h(d) = 5*d**3 + 1587*d**2 + 625*d - 2858. Calculate h(-317).
-5
Let j(x) = -11*x**3 - 7*x - 8. What is j(-1)?
10
Let t(o) = 497*o + 5385. Determine t(-11).
-82
Let a(o) = 9*o**2 + 46*o - 248. Calculate a(6).
352
Let n(u) = 5*u**3 - u**2 - 21*u - 15. Calculate n(0).
-15
Let g(a) = 2*a**3 + 34*a**2 - a - 66. Give g(-17).
-49
Let c(x) = -2*x**2 - 171*x - 3290. Calculate c(-29).
-13
Let d(a) = -a**3 - 11*a**2 + 94*a + 6. Calculate d(6).
-42
Let y(q) = -4*q**2 + 91*q - 166. Determine y(21).
-19
Let j(v) = v**2 + 76*v + 1147. Determine j(-21).
-8
Let o(p) = p**2 - 2468*p + 12313. Determine o(5).
-2
Let c(h) = 221*h**2 - 1329*h + 10. Determine c(6).
-8
Let b(k) = -k**3 + 122*k**2 + 294*k - 5645. What is b(124)?
59
Let w